{"id":23,"date":"2021-04-14T17:57:47","date_gmt":"2021-04-14T17:57:47","guid":{"rendered":"https:\/\/folievoltaire.ch\/?page_id=23"},"modified":"2022-08-17T06:59:13","modified_gmt":"2022-08-17T06:59:13","slug":"contact","status":"publish","type":"page","link":"https:\/\/folievoltaire.ch\/index.php\/contact\/","title":{"rendered":"Infos &#038; Contact"},"content":{"rendered":"\n<p class=\"wp-block-paragraph\">Nous nous trouvons au centre du Parc Mon Repos \u00e0 Lausanne<\/p>\n\n\n\n<p class=\"has-normal-font-size wp-block-paragraph\">Les horaires d&rsquo;ouvertures varient selon la saison et la m\u00e9t\u00e9o, ils sont mis \u00e0 jour au bas de la <a href=\"http:\/\/folievoltaire.ch\" data-type=\"URL\" data-id=\"folievoltaire.ch\">page d&rsquo;accueil de ce site<\/a> ou sur notre insert Google. Pour afficher cet insert, tapez \u00ab\u00a0folie voltaire\u00a0\u00bb dans l&rsquo;espace de recherche Google et vous devriez le voir&#8230;<\/p>\n\n\n\n<p class=\"wp-block-paragraph\">Pour tous renseignements, vous pouvez nous appeler au <strong>079 451 14 46<\/strong> (il arrive parfois que l&rsquo;on ne puisse vous r\u00e9pondre car nous sommes dans \u00ab\u00a0le feu de l&rsquo;action\u00a0\u00bb, si c&rsquo;est le cas merci de nous rappeler un peu plus tard)<\/p>\n\n\n\n\n\n<p class=\"wp-block-paragraph\"><\/p>\n\n\n\n<p class=\"wp-block-paragraph\"><strong>Il n&rsquo;est pas possible de faire des r\u00e9servations \u00e0 la Folie Voltaire, il faut venir sur place. Merci de votre compr\u00e9hension.<\/strong><\/p>\n","protected":false},"excerpt":{"rendered":"<p>Nous nous trouvons au centre du Parc Mon Repos \u00e0 Lausanne Les horaires d&rsquo;ouvertures varient selon la saison et la m\u00e9t\u00e9o, ils sont mis \u00e0 &hellip;<\/p>\n","protected":false},"author":1,"featured_media":0,"parent":0,"menu_order":0,"comment_status":"closed","ping_status":"closed","template":"","meta":{"footnotes":""},"class_list":["post-23","page","type-page","status-publish","hentry"],"publishpress_future_action":{"enabled":false,"date":"2026-09-08 06:13:28","action":"change-status","newStatus":"draft","terms":[],"taxonomy":"","extraData":[]},"publishpress_future_workflow_manual_trigger":{"enabledWorkflows":[]},"_links":{"self":[{"href":"https:\/\/folievoltaire.ch\/index.php\/wp-json\/wp\/v2\/pages\/23","targetHints":{"allow":["GET"]}}],"collection":[{"href":"https:\/\/folievoltaire.ch\/index.php\/wp-json\/wp\/v2\/pages"}],"about":[{"href":"https:\/\/folievoltaire.ch\/index.php\/wp-json\/wp\/v2\/types\/page"}],"author":[{"embeddable":true,"href":"https:\/\/folievoltaire.ch\/index.php\/wp-json\/wp\/v2\/users\/1"}],"replies":[{"embeddable":true,"href":"https:\/\/folievoltaire.ch\/index.php\/wp-json\/wp\/v2\/comments?post=23"}],"version-history":[{"count":10,"href":"https:\/\/folievoltaire.ch\/index.php\/wp-json\/wp\/v2\/pages\/23\/revisions"}],"predecessor-version":[{"id":1209,"href":"https:\/\/folievoltaire.ch\/index.php\/wp-json\/wp\/v2\/pages\/23\/revisions\/1209"}],"wp:attachment":[{"href":"https:\/\/folievoltaire.ch\/index.php\/wp-json\/wp\/v2\/media?parent=23"}],"curies":[{"name":"wp","href":"https:\/\/api.w.org\/{rel}","templated":true}]}}

<p class="wp-block-paragraph">Nous nous trouvons au centre du Parc Mon Repos à Lausanne</p>



<p class="has-normal-font-size wp-block-paragraph">Les horaires d&rsquo;ouvertures varient selon la saison et la météo, ils sont mis à jour au bas de la <a href="http://folievoltaire.ch" data-type="URL" data-id="folievoltaire.ch">page d&rsquo;accueil de ce site</a> ou sur notre insert Google. Pour afficher cet insert, tapez « folie voltaire » dans l&rsquo;espace de recherche Google et vous devriez le voir&#8230;</p>



<p class="wp-block-paragraph">Pour tous renseignements, vous pouvez nous appeler au <strong>079 451 14 46</strong> (il arrive parfois que l&rsquo;on ne puisse vous répondre car nous sommes dans « le feu de l&rsquo;action », si c&rsquo;est le cas merci de nous rappeler un peu plus tard)</p>





<p class="wp-block-paragraph"></p>



<p class="wp-block-paragraph"><strong>Il n&rsquo;est pas possible de faire des réservations à la Folie Voltaire, il faut venir sur place. Merci de votre compréhension.</strong></p>

<p>Nous nous trouvons au centre du Parc Mon Repos à Lausanne Les horaires d&rsquo;ouvertures varient selon la saison et la météo, ils sont mis à &hellip;</p>
